{"id":572,"date":"2016-01-06T09:39:15","date_gmt":"2016-01-06T08:39:15","guid":{"rendered":"http:\/\/smartyschool.stylemixthemes.com\/?page_id=572"},"modified":"2023-06-26T08:49:15","modified_gmt":"2023-06-26T06:49:15","slug":"jadlospis","status":"publish","type":"page","link":"http:\/\/mp21.zgora.pl\/index.php\/jadlospis\/","title":{"rendered":"Jad\u0142ospis"},"content":{"rendered":"<p>[vc_row full_width=&#8221;stretch_row_content_no_spaces&#8221; equal_height=&#8221;yes&#8221; content_placement=&#8221;middle&#8221; css=&#8221;.vc_custom_1616501081998{margin-top: -7px !important;margin-bottom: 7px !important;padding-bottom: 20px !important;}&#8221; el_class=&#8221;tresc&#8221;][vc_column css=&#8221;.vc_custom_1614848381652{padding-top: 51px !important;padding-bottom: 25px !important;padding-left: 10px !important;}&#8221; offset=&#8221;vc_col-lg-6 vc_col-md-12&#8243; el_class=&#8221;max-width-540 tresc&#8221;][vc_single_image image=&#8221;6266&#8243; img_size=&#8221;full&#8221;][vc_single_image image=&#8221;6321&#8243; img_size=&#8221;full&#8221;][vc_single_image image=&#8221;6196&#8243; img_size=&#8221;full&#8221;][\/vc_column][\/vc_row][vc_row disable_element=&#8221;yes&#8221;][vc_column][stm_meal items_count=&#8221;3&#8243;][vc_row_inner disable_element=&#8221;yes&#8221;][vc_column_inner][stm_sidebar sidebar_id=&#8221;5753&#8243;][\/vc_column_inner][\/vc_row_inner][\/vc_column][\/vc_row][vc_row disable_element=&#8221;yes&#8221;][vc_column width=&#8221;1\/5&#8243;][stm_title title_tag=&#8221;h4&#8243; title_align=&#8221;center&#8221; title=&#8221;Poniedzia\u0142ek&#8221;][\/stm_title][vc_column_text css=&#8221;.vc_custom_1622193451832{margin-right: 20% !important;margin-left: 20% !important;}&#8221;]<strong>Pierwsze \u015bniadanie:<\/strong><\/p>\n<table width=\"129\">\n<tbody>\n<tr>\n<td width=\"129\">Kanapki<\/td>\n<\/tr>\n<\/tbody>\n<\/table>\n<p><strong>Drugie \u015bniadanie:<\/strong><\/p>\n<table width=\"102\">\n<tbody>\n<tr>\n<td width=\"102\">kisiel<\/td>\n<\/tr>\n<\/tbody>\n<\/table>\n<p><strong>Obiad:<\/strong><\/p>\n<table style=\"width: 41.2604%;\" width=\"93\">\n<tbody>\n<tr>\n<td style=\"width: 100%;\" width=\"93\">zupa<\/td>\n<\/tr>\n<\/tbody>\n<\/table>\n<p><strong>Podwieczorek:<\/strong><\/p>\n<table width=\"103\">\n<tbody>\n<tr>\n<td width=\"103\">jab\u0142ko<\/td>\n<\/tr>\n<\/tbody>\n<\/table>\n<p>[\/vc_column_text][\/vc_column][vc_column width=&#8221;1\/5&#8243;][stm_title title_tag=&#8221;h4&#8243; title_align=&#8221;center&#8221; title=&#8221;wtorek&#8221;][\/stm_title][vc_column_text css=&#8221;.vc_custom_1615458725699{margin-right: 20% !important;margin-left: 20% !important;}&#8221;]<strong>\u015aniadanie:<\/strong><br \/>\nkanapki, herbata<\/p>\n<p><strong>Obiad:<\/strong><br \/>\npierogi, sur\u00f3wka<\/p>\n<p><strong>Podwieczorek:<\/strong><br \/>\nkisiel[\/vc_column_text][\/vc_column][vc_column width=&#8221;1\/5&#8243;][stm_title title_tag=&#8221;h4&#8243; title_align=&#8221;center&#8221; title=&#8221;\u015aroda&#8221;][\/stm_title][vc_column_text css=&#8221;.vc_custom_1615458725699{margin-right: 20% !important;margin-left: 20% !important;}&#8221;]<strong>\u015aniadanie:<\/strong><br \/>\nkanapki, herbata<\/p>\n<p><strong>Obiad:<\/strong><br \/>\npierogi, sur\u00f3wka<\/p>\n<p><strong>Podwieczorek:<\/strong><br \/>\nkisiel[\/vc_column_text][\/vc_column][vc_column width=&#8221;1\/5&#8243;][stm_title title_tag=&#8221;h4&#8243; title_align=&#8221;center&#8221; title=&#8221;czwartek&#8221;][\/stm_title][vc_column_text css=&#8221;.vc_custom_1615458725699{margin-right: 20% !important;margin-left: 20% !important;}&#8221;]<strong>\u015aniadanie:<\/strong><br \/>\nkanapki, herbata<\/p>\n<p><strong>Obiad:<\/strong><br \/>\npierogi, sur\u00f3wka<\/p>\n<p><strong>Podwieczorek:<\/strong><br \/>\nkisiel[\/vc_column_text][\/vc_column][vc_column width=&#8221;1\/5&#8243;][stm_title title_tag=&#8221;h4&#8243; title_align=&#8221;center&#8221; title=&#8221;Pi\u0105tek&#8221;][\/stm_title][vc_column_text css=&#8221;.vc_custom_1615458725699{margin-right: 20% !important;margin-left: 20% !important;}&#8221;]<strong>\u015aniadanie:<\/strong><br \/>\nkanapki, herbata<\/p>\n<p><strong>Obiad:<\/strong><br \/>\npierogi, sur\u00f3wka<\/p>\n<p><strong>Podwieczorek:<\/strong><br \/>\nkisiel[\/vc_column_text][\/vc_column][\/vc_row][vc_row full_width=&#8221;stretch_row&#8221; css=&#8221;.vc_custom_1615892794572{margin-top: 18px !important;background-image: url(http:\/\/mp21.zgora.pl\/wp-content\/uploads\/2016\/05\/placeholder.gif?id=3980) !important;background-position: 0 0 !important;background-repeat: repeat !important;}&#8221;][vc_column][stm_call_to_action btn_color=&#8221;purpure&#8221; img_id=&#8221;5414&#8243; btn_link=&#8221;url:http%3A%2F%2Fmp21.zgora.pl%2Findex.php%2Fo-nas%2F|title:o%20nas&#8221;]<span style=\"color: #404040; font-size: 20px; margin-left: 15px;\">Do\u0142\u0105cz do naszej weso\u0142ej spo\u0142eczno\u015bci!<\/span>[\/stm_call_to_action][\/vc_column][\/vc_row]<\/p>\n","protected":false},"excerpt":{"rendered":"<p>[vc_row full_width=&#8221;stretch_row_content_no_spaces&#8221; equal_height=&#8221;yes&#8221; content_placement=&#8221;middle&#8221; css=&#8221;.vc_custom_1616501081998{margin-top: -7px !important;margin-bottom: 7px !important;padding-bottom: 20px !important;}&#8221; el_class=&#8221;tresc&#8221;][vc_column css=&#8221;.vc_custom_1614848381652{padding-top: 51px !important;padding-bottom: 25px !important;padding-left: 10px !important;}&#8221; offset=&#8221;vc_col-lg-6 vc_col-md-12&#8243; el_class=&#8221;max-width-540 tresc&#8221;][vc_single_image image=&#8221;6266&#8243; img_size=&#8221;full&#8221;][vc_single_image image=&#8221;6321&#8243; img_size=&#8221;full&#8221;][vc_single_image image=&#8221;6196&#8243; img_size=&#8221;full&#8221;][\/vc_column][\/vc_row][vc_row disable_element=&#8221;yes&#8221;][vc_column][stm_meal items_count=&#8221;3&#8243;][vc_row_inner disable_element=&#8221;yes&#8221;][vc_column_inner][stm_sidebar sidebar_id=&#8221;5753&#8243;][\/vc_column_inner][\/vc_row_inner][\/vc_column][\/vc_row][vc_row disable_element=&#8221;yes&#8221;][vc_column width=&#8221;1\/5&#8243;][stm_title title_tag=&#8221;h4&#8243; title_align=&#8221;center&#8221; title=&#8221;Poniedzia\u0142ek&#8221;][\/stm_title][vc_column_text css=&#8221;.vc_custom_1622193451832{margin-right: 20% !important;margin-left: 20% !important;}&#8221;]Pierwsze \u015bniadanie: Kanapki Drugie \u015bniadanie: kisiel Obiad: zupa Podwieczorek: jab\u0142ko [\/vc_column_text][\/vc_column][vc_column width=&#8221;1\/5&#8243;][stm_title title_tag=&#8221;h4&#8243; [&hellip;]<\/p>\n","protected":false},"author":1,"featured_media":0,"parent":0,"menu_order":0,"comment_status":"closed","ping_status":"closed","template":"","meta":{"footnotes":""},"class_list":["post-572","page","type-page","status-publish","hentry"],"_links":{"self":[{"href":"http:\/\/mp21.zgora.pl\/index.php\/wp-json\/wp\/v2\/pages\/572","targetHints":{"allow":["GET"]}}],"collection":[{"href":"http:\/\/mp21.zgora.pl\/index.php\/wp-json\/wp\/v2\/pages"}],"about":[{"href":"http:\/\/mp21.zgora.pl\/index.php\/wp-json\/wp\/v2\/types\/page"}],"author":[{"embeddable":true,"href":"http:\/\/mp21.zgora.pl\/index.php\/wp-json\/wp\/v2\/users\/1"}],"replies":[{"embeddable":true,"href":"http:\/\/mp21.zgora.pl\/index.php\/wp-json\/wp\/v2\/comments?post=572"}],"version-history":[{"count":136,"href":"http:\/\/mp21.zgora.pl\/index.php\/wp-json\/wp\/v2\/pages\/572\/revisions"}],"predecessor-version":[{"id":6322,"href":"http:\/\/mp21.zgora.pl\/index.php\/wp-json\/wp\/v2\/pages\/572\/revisions\/6322"}],"wp:attachment":[{"href":"http:\/\/mp21.zgora.pl\/index.php\/wp-json\/wp\/v2\/media?parent=572"}],"curies":[{"name":"wp","href":"https:\/\/api.w.org\/{rel}","templated":true}]}}